 - 5*c. Suppose -384 = 5*k - t, -k - 84 + 0 = -u*t. Let d = 106 + k. Calculate the highest common divisor of d and 45.
15
Let r be ((-25)/(-25))/(((-5)/6)/(-5)). Let j be (3 - (-1302)/r) + -2 + -2. Calculate the highest common divisor of j and 3.
3
Suppose -2*i - 17 + 79 = 0. Let y = -28 + i. Suppose s = 4*k + 14, -y*k = 4*s - k - 56. Calculate the highest common factor of 35 and s.
7
Let r be 2 + 4 - (0 + -1). Suppose 3*d - 5*m = 13, 9*d + 2*m = r*d + 14. Suppose 6*l - d - 906 = 0. Calculate the greatest common factor of 19 and l.
19
Suppose -3*z - 3*p + 375 = 0, -p - 36 = 2*z - 286. Let j be (z/10 + -5)*(-8)/(-12). What is the greatest common factor of j and 85?
5
Let m = -12537 - -12552. Suppose y = 1 + 39. What is the highest common divisor of m and y?
5
Let g(n) = 3*n**2 + 111*n + 1446. Let t be g(-29). Calculate the highest common divisor of t and 22875.
375
Suppose -89*t - 7*t + 59 = -37. What is the highest common factor of t and 1599?
1
Suppose 408 = k + 2*s + s, 1593 = 4*k - s. Let r be (-4)/(-46) - 79365/(-3795). Calculate the greatest common factor of k and r.
21
Suppose 165606 = 166*p - 5658836. What is the highest common divisor of 13 and p?
13
Suppose 5*g = o + 88528 - 29125, 4*g + o = 47517. What is the greatest common divisor of g and 120?
120
Let a = 2859 + -2820. Let c be -2 + 2 + -4 + 1. Let i be 1*2 - 8*c. What is the highest common factor of a and i?
13
Let n(y) = -y**2 - 82*y - 417. Let m be n(-49). Calculate the greatest common factor of m and 144.
48
Let a = -567 - -578. Calculate the highest common divisor of 27 and a.
1
Let l(k) = -k**2 + 22*k + 32. Let i(r) = -r**3 - 10*r**2 + 11*r + 11. Let v be i(-11). Let q be l(v). What is the highest common divisor of 204 and q?
51
Suppose h - 16 = -2*u, 2*h + u = -0*u + 38. What is the greatest common divisor of 46 and h?
2
Let x = 96 + 9. Suppose 154 = -4*t + 182. Calculate the highest common factor of t and x.
7
Let c be ((-60)/75)/(2/(-5)). Suppose 334*w - 30 = 328*w. What is the highest common factor of c and w?
1
Let b(o) = 52*o**2 + o. Let p be b(-1). Let q = p + -29. Suppose 0 = 3*r + v - q, -r - v = -0*r - 10. What is the highest common divisor of r and 18?
6
Let s be 18/(-1) + (-28)/(9 - 2). Let u(z) = -5*z - 66. Let d be u(s). Calculate the highest common factor of d and 44.
44
Let y = 162 + -92. Let f = -73 + y. Let h(r) = -8*r - 22. Let b be h(f). Calculate the highest common factor of b and 28.
2
Let a = -45 + 43. Let r be 106*(4 - (-7)/a). Let w = 80 - r. Calculate the highest common divisor of 108 and w.
27
Let v be (-14)/((-49)/(-7))*(9 + -6)/(-3). What is the greatest common factor of 2152 and v?
2
Let f be (-6)/4*(-78)/39 - -43. Let z = 2 - -3. Suppose -3*c - 2*i + 134 = 0, -2*c + 0*c = -z*i - 102. What is the greatest common factor of f and c?
46
Let r = -245 + 290. Suppose -3*b - 172 = -t, 5*t - 13 = b + 63. Let k = 61 + b. Calculate the highest common factor of k and r.
5
Let w be (5180/9324)/((-2)/(-162)). Calculate the highest common divisor of w and 2895.
15
Suppose 24 = 2*o - 3*p, -28 = 2*o - 4*o + 5*p. Suppose y - 1485 = -14*y. What is the highest common divisor of o and y?
9
Let r(q) = -2*q**2 - 10*q - 3. Let z be (-36)/(-6)*((-21)/6 - -3). Let u be r(z). Calculate the highest common divisor of 423 and u.
9
Suppose 29*q = 12*q - 18*q + 12320. Calculate the greatest common factor of 584 and q.
8
Suppose -f + 67 = 73. Let k(s) = -s - 27. Let q be k(f). Let a = q - -96. What is the highest common divisor of 30 and a?
15
Let f = 834 - 802. Suppose -2*j + 4 = -3*j, 0 = -3*l - 2*j + 4. Calculate the greatest common divisor of l and f.
4
Let n = -413 + -217. Let u be -7 + 1 - n/7. What is the greatest common factor of u and 24?
12
Suppose -s - a = -3, 3*s - 9 = a - 0. Suppose -j - 3*u = 50 - 49, s*j = 2*u + 41. Calculate the highest common factor of 33 and j.
11
Let r(k) = -4 - 7*k + 6*k + 8*k + 3*k. Let f be 40/50*5/2. Let v be r(f). Calculate the greatest common factor of 16 and v.
16
Let p = -9080 + 9336. Let l be (-1 + 3)/((-1)/(-16)). Calculate the highest common divisor of p and l.
32
Let s be (8 + -5 - 3)/3 + 4. What is the greatest common divisor of s and 90?
2
Let c = -6 + 10. Let y = 22415 - 22059. Calculate the highest common factor of y and c.
4
Let r(p) = p**2 - 8*p + 7. Let l be r(6). Let h(q) = -q**2 - 8*q + 1. Let j be h(l). Let b = 4120 - 3976. Calculate the greatest common divisor of b and j.
16
Suppose 0 = 78*n - 741 - 663. What is the highest common factor of 5706 and n?
18
Let w be 10 + 10997 - (-72)/60*(-20)/(-6). Calculate the greatest common factor of 14 and w.
7
Suppose -h + 2*b + 6983 = 0, 14*h - 27953 = 10*h + b. What is the highest common factor of 241 and h?
241
Suppose -25*y - 1 = -21*y - 5*z, 0 = -3*y + 5*z - 7. Suppose 192 = 2*v + 64. Calculate the greatest common divisor of y and v.
2
Let k = -28 + 11. Let q = 25 + k. Suppose -4*t + 9 = -151. What is the highest common factor of q and t?
8
Let x(r) = -r**3 - 126*r**2 + 211*r + 2466. Let p be x(-129). Calculate the greatest common factor of 30 and p.
30
Suppose -119*p + 24288 = -117*p - 2*z, -p + 12144 = 4*z. Calculate the greatest common factor of p and 46.
46
Let o be (-18)/45 + 4937205/325. Calculate the greatest common divisor of 11 and o.
11
Let h be 2 + (2 - 3)*-10. Suppose 2579 = 12*a + 719. Let y = a + 1. What is the greatest common factor of h and y?
12
Let v be 0/189 + (240 - -1) + -1. Let w = -221 + v. What is the greatest common divisor of 551 and w?
19
Let t = 2377 + -606. Suppose -7*c = -0*c - t. Calculate the greatest common divisor of 11 and c.
11
Let c be (1/(-4))/(0 - 26/4264). Suppose 2*j - 5*j + 256 = -5*d, 252 = 3*j - 3*d. What is the greatest common divisor of j and c?
41
Let l(j) = -j + 11. Let y be l(8). Suppose 5*x = u + 4188, -5*x + u - y*u + 4179 = 0. Let t = -567 + x. What is the highest common divisor of t and 30?
30
Let f(y) = 115*y**3 - 6*y**2 + 5*y + 4. Let s be f(2). Suppose 30*o - 44*o = -s. What is the greatest common factor of 104 and o?
13
Suppose -48*l + 80676 = 77*l - 44*l. What is the highest common divisor of l and 84?
12
Let b be 5 + ((-5)/(-2))/((-55)/(-66)). Let g(j) = -j**3 + 13*j**2 - 36*j - 18. Let l be g(b). What is the greatest common factor of 5 and l?
1
Let g be -2 - (-7 + 6 + -1). Suppose 34*f - 35*f + 20 = g. What is the highest common divisor of 30 and f?
10
Suppose -2*q + 342 = -2*y, 0*q - 335 = -2*q - 5*y. Let m be (3944/q)/(((-24)/255)/(-4)). What is the greatest common factor of m and 29?
29
Let m be (-11)/(-44) + (-1587)/(-4). Let n = m + -287. Calculate the highest common divisor of 132 and n.
22
Suppose 127*z + 5*z = 3224 + 340. Let x be (2 + 1)/3 - -8. Calculate the highest common factor of x and z.
9
Let m(h) = 61*h**2 + h. Let i be m(1). Suppose -4*l - 3*u = -1712, -6*l + 4*u + 1325 + 1311 = 0. Calculate the highest common divisor of i and l.
62
Suppose -6414 = 602*h - 36984 - 21353 - 451. Let t(f) = -4*f**3 - 5*f**2 - 2*f. Let q be t(-6). What is the greatest common factor of h and q?
87
Let d(y) be the first derivative of -11*y + 5 - y**3 + 1/4*y**4 + 3/2*y**2. Let t be d(5). Calculate the greatest common divisor of 18 and t.
18
Let a be (1047/(-3) + 3)/(2 - 0). Let i = a + 104. Let s = 125 + i. What is the greatest common factor of s and 8?
8
Let y(o) = -o**2 + 7*o + 18. Let f be y(9). Suppose f*i = -8*i - 8. Let a be (i*1)/(11/(-429)). What is the highest common factor of a and 26?
13
Let s be (73/(-2))/((-3)/72*4). Let p = s - 217. What is the highest common factor of p and 54?
2
Suppose -18 = -r - r. Let q be 1068/(-20) - r/30*2. Let v = -50 - q. Calculate the greatest common factor of 12 and v.
4
Let y be (173826/(-261))/(3*1/(-38)). What is the highest common factor of 3552 and y?
444
Suppose 0 = -25*x + 2611 + 6589. What is the highest common factor of 2668 and x?
92
Suppose -5*i + 1081 = 2*r, 18*r + 645 = 3*i + 21*r. What is the greatest common factor of 1519 and i?
217
Suppose -23*q + 28 = -22*q. Suppose 2*u - q = -24. What is the greatest common factor of 9 and u?
1
Suppose 4*v - 3*a - 72 = -13, 0 = 2*v - 4*a - 42. Suppose -4 = -13*l + v*l. Let o be 1 - -53 - (5 - (l + 1)). What is the greatest common divisor of 13 and o?
13
Let z(m) = -m**3 - 11*m**2 + 24*m + 94. Let g be z(-13). What is the gre